/36). What is the highest common factor of c and 13?
13
Let g be (5*-7)/(-5) - 2. Let i(u) = -u**3 + 7*u**2 - 8*u + 12. Let f be i(g). Calculate the highest common factor of 11 and f.
11
Let i be 1/(2 - (-374)/(-186)). Let z = i - -148. What is the greatest common divisor of 22 and z?
11
Let h(f) be the second derivative of f**3/2 + 6*f**2 - 3*f. Let m be h(0). Let w(c) = -c - 1. Let q be w(-9). What is the greatest common divisor of q and m?
4
Let n = 2 - -51. Suppose -85 = -6*l + n. Calculate the greatest common divisor of 23 and l.
23
Suppose -318*r + 304*r + 294 = 0. Suppose 2*i + 1 - 9 = 0. Let y be 9 - (i + -2 + 0). Calculate the highest common divisor of r and y.
7
Suppose 4*u = 2*d - 1650, 3*u + 2466 = -2*d + 5*d. What is the greatest common divisor of 364 and d?
91
Let h(s) = 2*s + 44. Let a be h(4). What is the greatest common divisor of 12 and a?
4
Let c be 3/(-18) - (-2670)/36. Let k = c - 46. Calculate the highest common divisor of k and 4.
4
Let i be (-5922)/(-24) - 3/4. Suppose -2*l + i = -44. Let b = l + -97. Calculate the greatest common factor of 120 and b.
24
Suppose d = 281 + 19. What is the highest common divisor of d and 18?
6
Let j = 1418 + -1223. What is the greatest common factor of 15 and j?
15
Let k be 6 - 5*(-1 + 2 - 2). Let j = 28 - 3. Let p be (-544)/(-10) - (-15)/j. Calculate the highest common divisor of p and k.
11
Let h(t) = -2*t**3 - 23*t**2 + 9*t + 3. Let k be h(-12). What is the highest common divisor of k and 273?
39
Suppose 0 = 5*w + 2*k - 952 - 366, 5*k + 269 = w. Suppose -122 = -4*z + 5*c, -z - 5*c - 155 = -6*z. What is the highest common divisor of z and w?
33
Suppose -o - 13*w = -18*w - 83, 2*o + 4*w - 110 = 0. Calculate the highest common divisor of 294 and o.
21
Let z(c) = -91*c + 208. Let q be z(2). What is the greatest common factor of q and 338?
26
Let w(v) = 2*v + 2. Let r = -87 + 104. Let k be w(r). Calculate the greatest common divisor of k and 9.
9
Suppose -3*s + 22 = 4*r, -3 + 11 = 2*r. Suppose 0 = c - s + 5. Let g be 60/(3/(-2) - c). What is the greatest common factor of g and 16?
8
Let d be (-10)/(-3*(-4)/(-42)). Suppose -2*m = 5*c + 55, -2*m - 12 = 3*c + 17. Let u = c + 20. What is the highest common divisor of d and u?
7
Let s = -51 - -75. Let x(m) = -m**2 - 18*m - 17. Suppose 4*b = 2*w - b + 12, -b - 2 = 0. Let i be x(w). Calculate the greatest common factor of i and s.
12
Suppose -2*c - 2*w = -4, -3*c + 2*w + 14 = -3*w. Let r = 10 - -3. Let d = 25 - r. What is the greatest common factor of c and d?
3
Suppose p - 6*p + 15 = 0. Suppose l - 8 = -x, 4*x = 5*l + 18 + 14. Let s be 32/(-6)*(-36)/x. What is the greatest common factor of s and p?
3
Suppose -4*f + 2*w = 22, -4*f = -5*w - 5 + 30. Let t be 2/f*(-80)/1. Suppose 5*u - 52 = 5*a - 7, -u - a = 1. Calculate the highest common divisor of t and u.
4
Let d be (2/4)/((-1)/(-8)). Suppose 2*z = -d*k - k + 31, -37 = -4*z - 5*k. Let i be 3*z/6*18. What is the highest common factor of 18 and i?
9
Let p(o) = o**2 - 25*o + 131. Let n be p(6). Suppose 0*u + 74 = 4*u + 2*h, 36 = 3*u - 5*h. What is the greatest common divisor of u and n?
17
Suppose 53*g = 397 + 239. Calculate the highest common divisor of g and 132.
12
Let v = 23 + -23. Suppose 3*t + 2*t - 250 = v. Suppose 2 = 2*r - t. What is the greatest common factor of 65 and r?
13
Suppose 4*p = -49 + 249. Suppose 4*j - p = -j. Let u = j - -2. What is the highest common divisor of u and 132?
12
Let w(v) = v**3 + 5*v**2 - 6*v - 2. Let k(u) = -u**2 + u + 1. Let d(s) = 2*k(s) + w(s). Let m be d(-3). Calculate the highest common factor of m and 96.
12
Let w = -34 - -21. Suppose -110 = -7*y + 9. Let q = w + y. What is the greatest common divisor of q and 4?
4
Let b = 38 - 26. Suppose -2*n - 20 = -0*n. Let q = 2 - n. What is the highest common divisor of q and b?
12
Suppose 0 = -5*c + 10, -2*o + 3*c + 386 = 14. What is the greatest common divisor of o and 231?
21
Let p = 1071 + -422. What is the highest common factor of 59 and p?
59
Let f be ((-14)/63 - (-544)/18) + 6. What is the highest common factor of f and 84?
12
Let i(n) = -n + 11. Let z be i(8). Suppose 148 = z*o + 13. Calculate the greatest common divisor of o and 9.
9
Let u(p) = -8*p**2 - 54*p - 6. Let l be u(-6). What is the greatest common divisor of l and 120?
30
Let f(h) = 13 + 8*h**2 - 4*h - h**3 + 0*h - 3*h - 5. Let b be f(7). Let x = b - 6. What is the highest common factor of 2 and x?
2
Let z(g) = -41*g**2 + g + 1. Suppose 8*v - 2 = 10*v. Let y be z(v). Let s = -27 - y. Calculate the greatest common factor of s and 35.
7
Suppose -14*f - 1368 = -23*f. Let y be 2/(-12)*-2*57. What is the greatest common factor of f and y?
19
Let a(q) = -408*q + 122. Let j be a(-2). What is the highest common divisor of 14 and j?
14
Let r be 2703 - ((10 - -2) + -18). What is the greatest common divisor of r and 63?
63
Let x = -4 - -9. Let i(d) = 2*d**3 - 25*d**2 + 50*d + 10. Let t be i(10). What is the highest common divisor of t and x?
5
Let v be (-72)/9 + 6 + 54. Calculate the highest common divisor of 143 and v.
13
Let o be 22536/39 - (-6)/39. What is the highest common factor of o and 17?
17
Let x = -23 - -23. Suppose -m = f - x*f - 40, -f = -5*m - 16. Let b(n) = -n**2 - 11*n - 4. Let u be b(-7). Calculate the greatest common factor of u and f.
12
Suppose -5 = -a, -2*j - a = -4*j + 3. Suppose -50 = -j*f + 142. What is the highest common factor of 6 and f?
6
Let a = -1330 - -1337. Calculate the highest common factor of 1421 and a.
7
Let f(x) = x + 1. Let w = 1 + -6. Let m(r) = r**2 + 12*r + 14. Let a(c) = w*f(c) + m(c). Let z be a(-6). Calculate the greatest common factor of z and 12.
3
Let t(n) = -57*n - 3. Let p be t(5). Let w(d) = -97*d - 8. Let k be w(-5). Let q = k + p. Calculate the greatest common factor of q and 27.
27
Suppose -4*a = -w + 28, 0 = -5*w - 4*a + 22 + 22. Let o = 34 - -2. Calculate the greatest common factor of w and o.
12
Let l = -15 - -19. Let y(w) = 16*w**3 + 3*w**2 - 6*w + 5. Let i be y(l). Let z be (i/26)/(6/32). Calculate the highest common divisor of z and 24.
24
Let l(q) = -2*q + 2. Let p be l(-4). Let v(j) = -j**2 + 4*j - 25. Let f be v(10). Let u = f - -165. What is the highest common divisor of u and p?
10
Let w(z) = -3*z**2 - 106*z + 34. Let y be w(-35). What is the highest common factor of 299 and y?
23
Let j(d) = -3*d - 12. Let u be (2/(-4))/(3/(36*1)). Let r be j(u). Calculate the greatest common factor of r and 54.
6
Suppose 5*u = n + 2, -4*n - 4*u + 16 = -0*u. What is the highest common factor of n and 39?
3
Let s(m) = 6*m - 2. Let b be s(1). Let k = 39 - 31. What is the highest common factor of b and k?
4
Let j = 80 + 55. Let v be -4 + 7 + (-7)/1. Let z be (-59)/(-4) + v/(-16). What is the greatest common divisor of j and z?
15
Suppose 0 = -4*t + t + 36. Let l be (-102)/(-9) - (-5)/(-15). Suppose 35 = l*u - 97. Calculate the greatest common divisor of t and u.
12
Suppose -2*i = -121 - 253. Let j = 226 + -209. Calculate the greatest common divisor of i and j.
17
Suppose 3*k - 24 = k. Suppose 17 = 4*d - 3. Suppose -472 = -d*j - 5*u + 18, -186 = -2*j + 3*u. Calculate the greatest common factor of j and k.
12
Let u be 8 + (-3 - 3) + -1. Suppose 4*l = -0*l + 56. What is the greatest common factor of u and l?
1
Suppose 2*k + 1 = -4*u + 17, -3*u + 3*k = -30. What is the highest common factor of 6 and u?
6
Let s(m) = -m**3 - m + 6. Let n be s(0). Let w(g) = 2*g**2 + 70*g + 74. Let c be w(-34). Calculate the greatest common divisor of n and c.
6
Let m = 19 - 15. Suppose 0 = m*k + 2*b + b - 414, -6 = 3*b. What is the greatest common factor of 15 and k?
15
Let k = 2321 + -2201. What is the highest common factor of k and 2280?
120
Let y be 1*(0 + -1) + (11 - -4). Let v = 81 + 17. What is the greatest common divisor of v and y?
14
Let u = 299 + -264. Suppose 0 = -t - 3*k + 11, 0 = 5*t - 4*k + 2. Suppose -t*l + 3*x + 2 = -14, 2*l - 24 = x. What is the highest common factor of u and l?
7
Let t be ((-468)/65)/(((-9)/(-40))/(-3)). Calculate the highest common divisor of 624 and t.
48
Suppose -119 = -7*q + 91. Suppose 39*n = 34*n + q. Calculate the highest common factor of 24 and n.
6
Let x(n) = 7*n**2 + 7*n + 4. Let c(f) = -20*f**2 - 22*f - 12. Let k(s) = 6*c(s) + 17*x(s). Let l be k(-12). What is the greatest common divisor 